st the prime factors of v.
3, 257
Let t be (-3 + -1)/(-4) + 5. Suppose t*n = 8*n. Suppose -4*i - 103 - 38 = -a, 4*a - 2*i - 522 = n. What are the prime factors of a?
3, 43
Suppose 5*t + 15 - 35 = 0. Suppose -10 = 5*v, -24*g + 19*g - t*v = -2087. List the prime factors of g.
419
Let b(g) = 8*g**2 - 57*g - 1227. What are the prime factors of b(-14)?
17, 67
Let a be (-1)/9 + 2/18*19. Let y(p) = 199*p - 2. List the prime factors of y(a).
2, 3, 11
Suppose -5*m + 50745 = -3*x, 0 = -4*m - 4*x - 2278 + 42842. List the prime factors of m.
2, 3, 19, 89
Let t = 510 + -287. Suppose -543 = -3*i - 4*p, 3*i - p - t = 320. What are the prime factors of i?
181
Let n be 0 - 9/(27/(-6)). Suppose 2*t - 8 = -5*b, 3*b + 3*t - 1 = -n*t. List the prime factors of (-14)/b*(2 - 9).
7
Let d be 9/(-27) - (-199)/6*-1306. List the prime factors of 2/(-6) - d/51.
3, 283
Let y = 1525 - -273. Suppose 1811 = 9*k - y. List the prime factors of k.
401
Suppose -4*o + u = -20, -4*o + 3*u + 7 = -13. Suppose -o*n + c = -2248 + 698, 2*n - 633 = 3*c. What are the prime factors of n?
3, 103
Suppose 0 = -19*p + 13344 - 2210. List the prime factors of p.
2, 293
Let c = 144 - 107. Let x = -26 + c. Suppose -8*f - 66 = -x*f. What are the prime factors of f?
2, 11
Let o be (0 + 1)*0/(-5)*1. Suppose 0 = -4*u + p - 5*p + 80, 2*u + 5*p - 31 = o. What are the prime factors of u?
23
Suppose -10*a = -25*a + 18*a. Suppose -10*k + 50 = -a*k. Suppose 649 = 5*d - c - 3*c, k*d - 657 = 2*c. What are the prime factors of d?
7, 19
Let i(g) = 1460*g + 6802. List the prime factors of i(15).
2, 113, 127
Let y = 306 + -274. Suppose 0 = -3*x + 6, -4*i + 2 = 4*x - 6. Suppose -q + y + 45 = i. What are the prime factors of q?
7, 11
Suppose 11*r = -10*r + 18249. What are the prime factors of r?
11, 79
Suppose 0 = -2*j - j - 222. Suppose 21*q - 5 = 16. Let n = q - j. List the prime factors of n.
3, 5
Suppose -104 = 12*s + s. What are the prime factors of (-6545)/s - (9 + (-355)/40)?
2, 409
Suppose 0 = 38*a - 39*a - 3818. Let v = 5425 + a. What are the prime factors of v?
1607
Suppose -3*i = 5*i - 11376. Let o = i + -839. What are the prime factors of o?
11, 53
Let b be (14 - (5 - 3))*-1. List the prime factors of 2 + (-6310)/b - (-14)/84.
2, 3, 11
Let w(d) = -24*d + 1215. List the prime factors of w(29).
3, 173
Suppose -f - 2*m = -0*f - 37, -5*m + 112 = 3*f. List the prime factors of 18/((1/(-5))/((-52)/f)).
2, 3, 5
Suppose -5*w - 1670 = -1152*x + 1150*x, -3*w - 18 = 0. Let l be 52/14 - 4/(-14). Suppose p - 196 = l*j, -2*p + x = 2*p - 4*j. List the prime factors of p.
2, 13
Let q(s) = -30*s + 1. Let b be q(-11). Suppose 2*w + 81 - b = 4*t, -3*w + 2*t + 363 = 0. What are the prime factors of w?
7, 17
Let c(y) = 11*y + 168. Let g be c(-15). Suppose -2*i = -i - 1, 4*i = g*a - 4751. What are the prime factors of a?
5, 317
Suppose 3*g - 155 = -a, 2*g - 120 = -0*g - 4*a. List the prime factors of (-2)/(-5) + 5980/g + -6.
2, 3, 19
Suppose 6 = 2*q + 2*z - 4, 4*z = -3*q + 17. What are the prime factors of q/2*(-4 - 402/(-9))?
61
Suppose -9*i = 7*i - 80. Suppose 3*m - 3077 = -33*l + 29*l, -i*m = -4*l - 5139. List the prime factors of m.
13, 79
Let p be 10/(-3)*(-6)/4. Suppose -p*x = -2*d + 1133, -d - 2*d + x = -1693. What are the prime factors of d?
2, 3, 47
Suppose 5*x + 9858 = o - 0*o, -3*o + 29694 = 5*x. List the prime factors of o.
2, 3, 103
Let v(f) = -1240*f + 228. List the prime factors of v(-6).
2, 3, 71
List the prime factors of 53912/2 - (16 + -12 + -15).
3, 89, 101
List the prime factors of (-5)/(-55) + (-5599915)/(-825) + 2/15.
2, 1697
Let w = -21408 - -36716. What are the prime factors of w?
2, 43, 89
Let f be (-8)/2 - (4 - (-7)/(-1)). Let i be (1/(-3))/(f/3) + 1. Suppose 0 = -4*r, v + r = -i*v + 276. What are the prime factors of v?
2, 23
Let c = -393 + 15107. What are the prime factors of c?
2, 7, 1051
Suppose 0 = 4*v - 11*v + 20965. List the prime factors of v.
5, 599
Let i(d) = 60*d + 18. Let a be i(5). Suppose 0 = a*z - 314*z - 1588. What are the prime factors of z?
397
Let r(x) = 9*x**2 - 39*x - 45. Let n be r(13). Let s = n + -147. List the prime factors of s.
2, 3, 137
Suppose 3*y - 132 + 90 = 0. Suppose y*q - r - 2425 = 9*q, 2*q + 4*r - 970 = 0. What are the prime factors of q?
5, 97
Let m = 36 - 24. Let v(c) = c**2 - 5*c - 6. Let b be v(-3). Suppose b = m*w - 6*w. List the prime factors of w.
3
Suppose 0 = -3*b + 2*p + 13 + 2, 0 = -5*b + 2*p + 21. Suppose -4*k - b*x - 363 = 0, 60 - 324 = 3*k + 5*x. Let d = k - -133. What are the prime factors of d?
2, 5
Let h = 51 - 91. Let p be (56/98*-2)/(-2*4/(-28)). What are the prime factors of (-5 - (-5 - p)) + (-2 - h)?
2, 17
Suppose 74437 + 143979 = 17*s. Suppose -49*w + 38*w = -s. List the prime factors of w.
2, 73
Let m = -64 - -70. Let l be (-2)/6 + 2/m. List the prime factors of (-61)/(-1)*(1 + l).
61
Let s(z) = 9402*z**2 + 1128*z + 8. List the prime factors of s(-3).
2, 7, 829
Let g = -7229 - -12679. What are the prime factors of g?
2, 5, 109
Suppose -7*t + 0*t + 21 = 0. Suppose 3*y + 5*l = 6, -t*y + 4*l + 41 = 8. What are the prime factors of y?
7
Let l = -56 - -57. Let j be ((-112)/(-70))/(312/310 - l). Suppose -8*q + j = -4*q. List the prime factors of q.
2, 31
Suppose 0 = -5*t + 5*v - 35, 0*t = 2*t - v + 10. Let p be 1066/t*30/(-20). Suppose 4*q - p = 67. What are the prime factors of q?
2, 3, 5
Suppose 66*w + 53610 = 5*c + 61*w, 4*w - 21432 = -2*c. List the prime factors of c.
2, 5, 67
Let g = -149295 + 221445. What are the prime factors of g?
2, 3, 5, 13, 37
Let q(t) be the first derivative of -t**4/4 + 22*t**3/3 - 21*t**2/2 + 2*t - 36. List the prime factors of q(18).
2, 5, 23
Suppose 5*n + 107192 = 2*p, -1247*n = -4*p - 1249*n + 214480. What are the prime factors of p?
2, 3, 1117
Suppose -122312 = -151*n + 428945 + 399590. List the prime factors of n.
3, 2099
Let v(f) = -2*f - 17. Suppose 5*h + 5*k = 0, -5*h - 9 = -3*k + 23. Let o(q) = -2*q - 18. Let c(m) = h*v(m) + 3*o(m). List the prime factors of c(-6).
2
Let z be (10/(-6) - -2)*12. Let k = -194 + 196. List the prime factors of (k - 256)*(-2)/z.
127
Let t = 26 + -10. Suppose -166 = -17*m + 1534. Suppose -18*h = -t*h - m. What are the prime factors of h?
2, 5
Suppose 5*y + c = -63, 2*c - 54 = 5*y - 0*y. List the prime factors of (y + 429/22)/(1/62).
3, 5, 31
Suppose 4*l + 2*n - 129008 = 0, -172*l + 5*n + 32252 = -171*l. List the prime factors of l.
2, 11, 733
Let u(a) be the third derivative of 5*a**4/24 + 223*a**3/3 + 4*a**2. What are the prime factors of u(0)?
2, 223
Let b(t) = 648*t**3 - 28*t + 71. List the prime factors of b(4).
13, 3187
Let y(z) = -z - 3. Let f(q) = 5*q + 13. Let s(d) = 2*f(d) + 9*y(d). Let k be s(4). Let a(g) = 5*g**3 - 2*g**2 - 4*g. List the prime factors of a(k).
3, 5, 7
Let n = 6216 - -34504. What are the prime factors of n?
2, 5, 509
Let j = -35 - -19. Let g = j + -10. List the prime factors of (-1895)/(-65) - (-4)/g.
29
Suppose -30*x + 25*x - 35542 = -2*w, 4*w = 3*x + 71070. List the prime factors of w.
2, 3, 7, 47
Let h(p) be the second derivative of p**5/10 + p**4/12 + p**3/6 - 7*p**2 + 13*p. Let l(j) be the first derivative of h(j). What are the prime factors of l(-3)?
7
Suppose 12*a - 6603 = 765. Let f = 1058 - a. What are the prime factors of f?
2, 3, 37
Let p = -90946 - -136106. List the prime factors of p.
2, 5, 1129
Suppose -70 = -3*w - 2*q, 13*q - 10*q + 65 = 4*w. Suppose -8*l - w = -b - 12*l, -b - 2*l = -28. List the prime factors of b.
2, 3
Suppose 938 = n + 2*n + m, 2*n + 4*m = 612. Let p = n - 268. What are the prime factors of p?
2, 23
Let o = 9 + -17. Let v = o + 5. What are the prime factors of (172/6 - 0)*(0 - v)?
2, 43
Let q(o) = -36*o + 66. Let p be q(2). What are the prime factors of -2 + -3 - 4944/(-12 - p)?
3, 7, 13
Suppose -166*g + 1714608 = -85*g. List the prime factors of g.
2, 3, 7
Suppose -49*b + 48*b - 3*s = -1460, 6*b - 8835 = -3*s. What are the prime factors of b?
5, 59
Let z = -46 + 54. Suppose -5*n + 0*y + 10 = 2*y, -z = -4*n - 4*y. Suppose -3*p = p + 4*s - 48, n*p = 3*s + 44. What are the prime factors of p?
2
Suppose -5*k - 33 = -g, -4*k + 14 = 2*g - k. Suppose 4*p - 315 = g. List the prime factors of p.
2, 41
Let t(u) = u**3 + 10*u**2 + 15*u + 20. Let p be t(-8). Let n = p + 8. List the prime factors of n.
2, 3
Let n(j) = -1032*j